{"id":43,"date":"2021-07-16T14:36:13","date_gmt":"2021-07-16T12:36:13","guid":{"rendered":"https:\/\/experten-liste.de\/start\/?page_id=43"},"modified":"2021-08-20T13:32:51","modified_gmt":"2021-08-20T11:32:51","slug":"empfehlen","status":"publish","type":"page","link":"https:\/\/experten-liste.de\/start\/empfehlen\/","title":{"rendered":"EMPFEHLEN"},"content":{"rendered":"<p><a class=\"fasc-button fasc-size-large fasc-type-flat ico-fa fasc-ico-before fa-angle-double-up fasc-style-bold\" style=\"background-color: #c0c0c0; color: #ffffff;\" href=\"https:\/\/Experten-Liste.de\/start\">Experten-Liste.de<\/a><\/p>\n<p style=\"text-align: right;\"><span style=\"color: #ffffff;\">.<\/span><\/p>\n<h2>Einen Experten EMPFEHLEN<\/h2>\n<p>&nbsp;<\/p>\n<p><a href=\"https:\/\/experten-liste.de\/start\/empfehlen\"><img decoding=\"async\" loading=\"lazy\" class=\"alignnone\" src=\"https:\/\/technik-netzwerk.de\/fileserver-zentrale\/www-experten-liste-de\/fileserver-experten-liste-de\/2_experten-empfehlen800px.jpg\" alt=\"\" width=\"790\" height=\"229\"><\/a><\/p>\n<p>&nbsp;<\/p>\n<p>&nbsp;<\/p>\n<blockquote><p><strong>Die Qualit\u00e4t der Experten-Empfehlungen ist abh\u00e4ngig von den Referenzen.<\/strong><\/p>\n<p><strong>Um eine Empfehlung f\u00fcr einen Experten im LOGIN-BEREICH abgeben zu k\u00f6nnen, ben\u00f6tigen Sie ein pers\u00f6nliches Passwort.<\/strong><\/p>\n<p><strong>Ihr pers\u00f6nliches Passwort erhalten Sie nach einer einmaligen Registrierung. Die Registrierung erfolgt KOSTENLOS.<\/strong><\/p><\/blockquote>\n<p>&nbsp;<\/p>\n<p style=\"text-align: right;\"><span style=\"color: #ffffff;\">.<\/span><\/p>\n<div class=\" accordion-obeknu style2 magee-shortcode panel-group magee-accordion accordion-spacing\" role=\"tablist\" aria-multiselectable=\"no\" id=\"accordion-obeknu\"><br \/>\n<div class=\"panel panel-default \" id=\"panelaccordion-obeknu-1\"><div class=\"panel-heading\" role=\"tab\" id=\"headingcollapseaccordion-obeknu-1\">\r\n\t\t\t\t<a class=\"accordion-toggle collapsed\" data-toggle=\"collapse\" data-parent=\"#accordion-obeknu\" href=\"#collapseaccordion-obeknu-1\" aria-expanded=\"false\" aria-controls=\"collapseaccordion-obeknu-1\">\r\n\t\t\t\t\t<h4 class=\"panel-title\">\r\n\t\t\t\t\t\t\t#1.&nbsp; EINMALIGE REGISTRIERUNG, wenn Sie Ihr pers\u00f6nliches Passwort f\u00fcr den LOGIN als EMPFEHLUNGSGEBER erhalten m\u00f6chten.\r\n\t\t\t\t\t<\/h4>\r\n\t\t\t\t<\/a>\r\n\t\t\t<\/div>\r\n\t\t\t<div id=\"collapseaccordion-obeknu-1\" class=\"panel-collapse collapse \" role=\"tabpanel\" aria-labelledby=\"headingcollapseaccordion-obeknu-1\" aria-expanded=\"false\">\r\n\t\t\t\t<div class=\"panel-body\">\r\n\t\t\t\t\t\n<p style=\"text-align: right;\"><span style=\"color: #ffffff;\">.<\/span><\/p>\n<p>&nbsp;<\/p>\n<blockquote><p><a class=\"fasc-button fasc-size-large fasc-type-flat fasc-rounded-medium fasc-ico-after dashicons-lock fasc-style-bold\" style=\"background-color: #c0c0c0; color: #ff0000;\" href=\"#\">REGISTRIERUNG (Einmalige Registrierung f\u00fcr Empfehlungsgeber)<\/a><\/p>\n<p>&nbsp;<\/p>\n<p><span style=\"font-size: 18pt;\"><strong>Bitte w\u00e4hlen Sie zun\u00e4chst Ihren T\u00e4tigkeitsbereich aus:&nbsp;<\/strong><\/span><\/p>\n<p>&nbsp;<\/p>\n<ul>\n<li>&nbsp;<span style=\"font-size: 14pt;\"><a class=\"fasc-button fasc-size-medium fasc-type-flat fasc-rounded-medium fasc-style-bold\" style=\"background-color: #ff0000; color: #ffffff;\" href=\"empfehlung_fachverband\">FACHVERBAND<\/a><\/span> &#8211; Hauptamtliche Mitarbeitende bzw. ehrenamtliche Funktionstr\u00e4ger\/-innen von branchenrelevanten Fachverb\u00e4nden<\/li>\n<\/ul>\n<p>&nbsp;<\/p>\n<ul>\n<li>&nbsp;<span style=\"font-size: 14pt;\"><a class=\"fasc-button fasc-size-small fasc-type-flat fasc-rounded-medium\" style=\"background-color: #afafaf; color: #ffffff;\" href=\"empfehlung_forschungseinrichtung\">FORSCHUNGSEINRICHTUNG<\/a><\/span> &#8211; Mitarbeitende an Hochschulen bzw. Forschungsinstituten mit erkennbarem Branchenbezug<\/li>\n<\/ul>\n<p>&nbsp;<\/p>\n<ul>\n<li>&nbsp;<span style=\"font-size: 14pt;\"><a class=\"fasc-button fasc-size-small fasc-type-flat fasc-rounded-medium\" style=\"background-color: #afafaf; color: #ffffff;\" href=\"empfehlung_arbeitskreis\">ARBEITSKREIS bzw. G\u00dcTEGEMEINSCHAFT<\/a><\/span> &#8211; Mitarbeitende in einer Institution mit erkennbarem Branchenbezug<\/li>\n<\/ul>\n<p>&nbsp;<\/p>\n<ul>\n<li>&nbsp;<span style=\"font-size: 14pt;\"><a class=\"fasc-button fasc-size-small fasc-type-flat fasc-rounded-medium\" style=\"background-color: #afafaf; color: #ffffff;\" href=\"empfehlung_mandatstraeger\">MANDATSTR\u00c4GER\/-IN<\/a><\/span> &#8211; Gew\u00e4hlte Vertreter\/-innen des Bundes, der Bundesl\u00e4nder, der Europ\u00e4ischen Union<\/li>\n<\/ul>\n<p>&nbsp;<\/p>\n<ul>\n<li>&nbsp;<span style=\"font-size: 14pt;\"><a class=\"fasc-button fasc-size-small fasc-type-flat fasc-rounded-medium\" style=\"background-color: #afafaf; color: #ffffff;\" href=\"empfehlung_wirtschaftsfoerderung\">WIRTSCHAFTSF\u00d6RDERUNG<\/a><\/span> &#8211; Mitarbeitende von regionalen bzw. sektoralen Wirtschaftsf\u00f6rderungsgesellschaften<\/li>\n<\/ul>\n<p>&nbsp;<\/p>\n<ul>\n<li>&nbsp;<span style=\"font-size: 14pt;\"><a class=\"fasc-button fasc-size-medium fasc-type-flat fasc-rounded-medium fasc-style-bold\" style=\"background-color: #ff0000; color: #ffffff;\" href=\"empfehlung_technik-netzwerk-de\">TECHNIK-NETZWERK.de<\/a><\/span> &#8211; Fachliche Beurteilung &#8211; speziell f\u00fcr technisch orientierte Unternehmen<\/li>\n<\/ul>\n<p>&nbsp;<\/p>\n<ul>\n<li>&nbsp;<span style=\"font-size: 14pt;\"><a class=\"fasc-button fasc-size-small fasc-type-flat fasc-rounded-medium\" style=\"background-color: #afafaf; color: #ffffff;\" href=\"empfehlung_innovationsnetzwerk-info\">INNOVATIONSNETZWERK.info<\/a><\/span><\/li>\n<\/ul>\n<p>&nbsp;<\/p>\n<ul>\n<li>&nbsp;<span style=\"font-size: 14pt;\"><a class=\"fasc-button fasc-size-small fasc-type-flat fasc-rounded-medium\" style=\"background-color: #afafaf; color: #ffffff;\" href=\"empfehlung_auftraggeber\">AUFTRAGGEBER<\/a><\/span> &#8211; Repr\u00e4sentant\/-in eines TOP-Auftraggebers der relevanten Branche (valider Referenzgeber)<\/li>\n<\/ul>\n<p>&nbsp;<\/p>\n<ul>\n<li>&nbsp;<span style=\"font-size: 14pt;\"><a class=\"fasc-button fasc-size-small fasc-type-flat fasc-rounded-medium\" style=\"background-color: #afafaf; color: #ffffff;\" href=\"empfehlung_branchenexperte\">BRANCHENEXPERTE<\/a><\/span> &#8211; Experte\/-in mit nachgewiesener Branchen-Kompetenz (Certified Consultant)<\/li>\n<\/ul>\n<\/blockquote>\n<p style=\"text-align: right;\"><span style=\"color: #ffffff;\">.<\/span><\/p>\n<p style=\"text-align: right;\"><span style=\"color: #ffffff;\">_<\/span><\/p>\n<p style=\"text-align: right;\"><strong><span style=\"font-size: 14pt;\"><a class=\"fasc-button fasc-size-medium fasc-type-flat\" style=\"background-color: #ededed; color: #000000;\" href=\"https:\/\/experten-liste.de\/start\/\">Zur\u00fcck zu STARTSEITE&nbsp; &gt;&gt;&gt; Experten-Liste.de<\/a><\/span><\/strong><\/p>\n\r\n\t\t\t\t\t<div class=\"clear\"><\/div>\r\n\t\t\t\t<\/div>\r\n\t\t\t<\/div>\r\n\t\t<\/div> <\/div>\n<p>&nbsp;<\/p>\n<p>&nbsp;<\/p>\n<p>&nbsp;<\/p>\n<p style=\"text-align: right;\"><span style=\"color: #ffffff;\">.<\/span><\/p>\n<div class=\" accordion-12xk5x style2 magee-shortcode panel-group magee-accordion accordion-spacing\" role=\"tablist\" aria-multiselectable=\"no\" id=\"accordion-12xk5x\"><br \/>\n<div class=\"panel panel-default \" id=\"panelaccordion-12xk5x-1\"><div class=\"panel-heading\" role=\"tab\" id=\"headingcollapseaccordion-12xk5x-1\">\r\n\t\t\t\t<a class=\"accordion-toggle collapsed\" data-toggle=\"collapse\" data-parent=\"#accordion-12xk5x\" href=\"#collapseaccordion-12xk5x-1\" aria-expanded=\"false\" aria-controls=\"collapseaccordion-12xk5x-1\">\r\n\t\t\t\t\t<h4 class=\"panel-title\">\r\n\t\t\t\t\t\t\t#2.&nbsp; LOGIN f\u00fcr Empfehlungsgeber, welche bereits ein pers\u00f6nliches Passwort haben und eine Lieferanten-Empfehlung abgeben m\u00f6chten.\r\n\t\t\t\t\t<\/h4>\r\n\t\t\t\t<\/a>\r\n\t\t\t<\/div>\r\n\t\t\t<div id=\"collapseaccordion-12xk5x-1\" class=\"panel-collapse collapse \" role=\"tabpanel\" aria-labelledby=\"headingcollapseaccordion-12xk5x-1\" aria-expanded=\"false\">\r\n\t\t\t\t<div class=\"panel-body\">\r\n\t\t\t\t\t\n<p style=\"text-align: right;\">.<\/p>\n<blockquote><p>&nbsp;<\/p>\n<p><a class=\"fasc-button fasc-size-xlarge fasc-type-glossy fasc-rounded-medium fasc-ico-after dashicons-admin-network fasc-style-bold\" style=\"background-color: #ff0000; color: #ffffff;\" href=\"login\">LOGIN f\u00fcr registrierte Empfehlungsgeber<\/a><\/p>\n<p>&nbsp;<\/p><\/blockquote>\n<p style=\"text-align: right;\"><span style=\"color: #ffffff;\">_<\/span><\/p>\n<p style=\"text-align: right;\"><strong><span style=\"font-size: 14pt;\"><a class=\"fasc-button fasc-size-medium fasc-type-flat\" style=\"background-color: #ededed; color: #000000;\" href=\"https:\/\/experten-liste.de\/start\/\">Zur\u00fcck zu STARTSEITE&nbsp; &gt;&gt;&gt; Experten-Liste.de<\/a><\/span><\/strong><\/p>\n\r\n\t\t\t\t\t<div class=\"clear\"><\/div>\r\n\t\t\t\t<\/div>\r\n\t\t\t<\/div>\r\n\t\t<\/div> <\/div>\n<p>&nbsp;<\/p>\n<p style=\"text-align: right;\"><span style=\"color: #ffffff;\">.<\/span><\/p>\n<hr>\n<p>&nbsp;<\/p>\n<p style=\"text-align: right;\"><span style=\"color: #ffffff;\">.<\/span><\/p>\n<p style=\"text-align: right;\"><span style=\"color: #ffffff;\">_<\/span><\/p>\n<p style=\"text-align: center;\"><div class=\"magee-shortcode magee-process-steps text-center \" id=\"magee-process_steps\"><ul class=\"row\"> <a href=\"https:\/\/experten-liste.de\/start\/empfehlen\/\"> <li class=\"magee-feature-box magee-step-box col-md-4\">\r\n                                                <div class=\"icon-box icon-circle icon-md center-block\" style=\"\">\r\n                                                    <i class=\"fa fa-pencil\"><\/i>\r\n                                                <\/div>\r\n                                                <h3>#1.<\/h3>\r\n                                                <p> Einmalige <\/a><a class=\"fasc-button fasc-size-medium fasc-type-flat fasc-rounded-medium\" style=\"background-color: #c6c6c6; color: #ffffff;\" href=\"https:\/\/experten-liste.de\/start\/empfehlen\/\">REGISTRIERUNG<\/a><a href=\"https:\/\/experten-liste.de\/start\/empfehlen\/\"> als Empfehlungsgeber <\/p>\r\n                                            <\/li><\/a> <a href=\"https:\/\/lieferanten-liste.de\/start\/empfehlen\/login\"> <li class=\"magee-feature-box magee-step-box col-md-4\">\r\n                                                <div class=\"icon-box icon-circle icon-md center-block\" style=\"\">\r\n                                                    <i class=\"fa fa-lock\"><\/i>\r\n                                                <\/div>\r\n                                                <h3>#2.<\/h3>\r\n                                                <p><\/a><a class=\"fasc-button fasc-size-medium fasc-type-flat fasc-rounded-medium\" style=\"background-color: #c6c6c6; color: #ffffff;\" href=\"https:\/\/experten-liste.de\/start\/empfehlen\/login\">LOGIN<\/a><a href=\"https:\/\/experten-liste.de\/start\/empfehlen\/login\"> mit pers\u00f6nlichem Password <\/p>\r\n                                            <\/li><\/a> <a href=\"https:\/\/lieferanten-liste.de\/start\/empfehlen\/login\"><li class=\"magee-feature-box magee-step-box col-md-4\">\r\n                                                <div class=\"icon-box icon-circle icon-md center-block\" style=\"\">\r\n                                                    <i class=\"fa fa-check-circle\"><\/i>\r\n                                                <\/div>\r\n                                                <h3>#3.<\/h3>\r\n                                                <p>Experten <\/a><a class=\"fasc-button fasc-size-medium fasc-type-flat fasc-rounded-medium\" style=\"background-color: #c6c6c6; color: #ffffff;\" href=\"https:\/\/experten-liste.de\/start\/empfehlen\/login\">EMPFEHLEN<\/a><a href=\"https:\/\/lieferanten-liste.de\/start\/empfehlen\/login\">.<\/a> <\/p>\r\n                                            <\/li> <\/ul><\/div><\/p>\n<p>&nbsp;<\/p>\n<p style=\"text-align: right;\"><span style=\"color: #ffffff;\">_<\/span><\/p>\n<p style=\"text-align: right;\"><span style=\"color: #ffffff;\">.<\/span><\/p>\n<p>&nbsp;<\/p>\n<p style=\"text-align: right;\"><span style=\"color: #ffffff;\">.<\/span><span style=\"color: #ffffff;\">.<\/span><\/p>\n<hr>\n<p style=\"text-align: right;\"><span style=\"color: #ffffff;\">.<\/span><\/p>\n<p style=\"text-align: right;\"><span style=\"color: #ffffff;\">.<\/span><\/p>\n<p style=\"text-align: right;\"><span style=\"color: #ffffff;\">.<\/span><\/p>\n<div class=\" accordion-pw22fn style1 magee-shortcode panel-group magee-accordion accordion-spacing\" role=\"tablist\" aria-multiselectable=\"no\" id=\"accordion-pw22fn\"> <div class=\"panel panel-default \" id=\"panelaccordion-pw22fn-1\"><div class=\"panel-heading\" role=\"tab\" id=\"headingcollapseaccordion-pw22fn-1\">\r\n\t\t\t\t<a class=\"accordion-toggle collapsed\" data-toggle=\"collapse\" data-parent=\"#accordion-pw22fn\" href=\"#collapseaccordion-pw22fn-1\" aria-expanded=\"false\" aria-controls=\"collapseaccordion-pw22fn-1\">\r\n\t\t\t\t\t<h4 class=\"panel-title\">\r\n\t\t\t\t\t\t\tAktuelle Informationen \/ Service-Hinweis\r\n\t\t\t\t\t<\/h4>\r\n\t\t\t\t<\/a>\r\n\t\t\t<\/div>\r\n\t\t\t<div id=\"collapseaccordion-pw22fn-1\" class=\"panel-collapse collapse \" role=\"tabpanel\" aria-labelledby=\"headingcollapseaccordion-pw22fn-1\" aria-expanded=\"false\">\r\n\t\t\t\t<div class=\"panel-body\">\r\n\t\t\t\t\t\n<p style=\"text-align: right;\">&#8211;<\/p>\n<p>&nbsp;<\/p>\n<blockquote><div data-post-id=\"398\" class=\"insert-page insert-page-398 \">\n<div class=\" accordion-inwebz style1 magee-shortcode panel-group magee-accordion accordion-spacing\" role=\"tablist\" aria-multiselectable=\"yes\" id=\"accordion-inwebz\"> <div class=\"panel panel-default \" id=\"panelaccordion-inwebz-1\"><div class=\"panel-heading\" role=\"tab\" id=\"headingcollapseaccordion-inwebz-1\">\r\n\t\t\t\t<a class=\"accordion-toggle collapsed\" data-toggle=\"collapse\" data-parent=\"#accordion-inwebz\" href=\"#collapseaccordion-inwebz-1\" aria-expanded=\"false\" aria-controls=\"collapseaccordion-inwebz-1\">\r\n\t\t\t\t\t<h4 class=\"panel-title\">\r\n\t\t\t\t\t\t\tMit den vorkonfigurierten PROFIL-BAUK\u00c4STEN ist es ganz einfach, ein eigenes Expertenprofil anzulegen!\r\n\t\t\t\t\t<\/h4>\r\n\t\t\t\t<\/a>\r\n\t\t\t<\/div>\r\n\t\t\t<div id=\"collapseaccordion-inwebz-1\" class=\"panel-collapse collapse \" role=\"tabpanel\" aria-labelledby=\"headingcollapseaccordion-inwebz-1\" aria-expanded=\"false\">\r\n\t\t\t\t<div class=\"panel-body\">\r\n\t\t\t\t\t <div data-post-id=\"363\" class=\"insert-page insert-page-363 \"><p style=\"text-align: right;\"><span style=\"color: #ffffff;\">_<\/span><\/p>\n<table style=\"border-collapse: collapse; width: 100%;\">\n<tbody>\n<tr>\n<td style=\"width: 100%;\"><img decoding=\"async\" class=\"alignleft\" src=\"https:\/\/lieferanten-liste.de\/fileserver-lieferanten-liste-de\/profil-baukasten-1-minimal-600px.jpg\" \/><\/p>\n<p>&nbsp;<\/p>\n<p><strong>Profilbaukasten 1: Minimal<br \/>\n<\/strong><\/p>\n<p>&nbsp;<\/p>\n<ul>\n<li>Einfache Informationsseite mit den elementaren Kontaktkoordinaten (EINE Seite \u2013 keine Unterseiten)<\/li>\n<li>Einfache und pflegeleichte Visitenkarte &#8211; ohne n\u00e4here Angaben zu Leistungsangeboten bzw. ohne Pr\u00e4sentation von Produkten bzw. Dienstleistungen<\/li>\n<li>Dieser Profil-Baukasten ist eine <strong>MINIMAL <\/strong>gehaltene LANDING-PAGE mit der M\u00f6glichkeit zur Verlinkung auf eine bereits bestehende Homepage.<\/li>\n<\/ul>\n<p>&nbsp;<\/p>\n<p>[ MIT EMPFEHLUNGSCODE ist dieser Profilbaukasten DAUERHAFT KOSTENLOS ] <img decoding=\"async\" src=\"https:\/\/lieferanten-liste.de\/fileserver-lieferanten-liste-de\/free-250px.jpg\" \/><\/p>\n<p style=\"text-align: right;\"><span style=\"color: #ffffff;\">_<\/span><\/p>\n<p>&nbsp;<\/td>\n<\/tr>\n<\/tbody>\n<\/table>\n<p style=\"text-align: right;\"><span style=\"color: #ffffff;\">&#8211;<\/span><\/p>\n<hr \/>\n<p style=\"text-align: right;\"><span style=\"color: #ffffff;\">&#8211;<\/span><\/p>\n<table style=\"border-collapse: collapse; width: 100%;\">\n<tbody>\n<tr>\n<td style=\"width: 100%;\"><img decoding=\"async\" class=\"alignleft\" src=\"https:\/\/lieferanten-liste.de\/fileserver-lieferanten-liste-de\/profil-baukasten-2-optimal-600px.jpg\" \/><\/p>\n<p>&nbsp;<\/p>\n<p><strong>Profilbaukasten 2: OPTIMAL<\/strong><\/p>\n<p>&nbsp;<\/p>\n<ul>\n<li>Gut gestaltetes Experten-Profil mit den wichtigsten Angaben zur aktuellen T\u00e4tigkeit (z.B. Ingenieurb\u00fcro etc.)<\/li>\n<li>Bis zu <strong>9<\/strong> Seiten f\u00fcr die Pr\u00e4sentation von Produkten bzw. Dienstleistungen<\/li>\n<li><strong>Unternehmenseigene Texte, Bilder sowie Medien (z. B. PDF-Prospekte zum Download) k\u00f6nnen frei gestaltet bzw. eingebettet werden.<\/strong><\/li>\n<li>Dieser Profilbaukasten ist <strong>OPTIMAL<\/strong> geeignet f\u00fcr STATISCHE Unternehmensinformationen (ohne Terminhinweise (Veranstaltungen), Unternehmensnachrichten oder aktuelle Stellenausschreibungen)<\/li>\n<\/ul>\n<p>[ MIT EMPFEHLUNGSCODE ist dieser Profilbaukasten DAUERHAFT KOSTENLOS ] <img decoding=\"async\" loading=\"lazy\" class=\"\" src=\"https:\/\/lieferanten-liste.de\/fileserver-lieferanten-liste-de\/free-250px.jpg\" width=\"199\" height=\"184\" \/><\/p>\n<p>&nbsp;<\/p>\n<p style=\"text-align: right;\"><span style=\"color: #ffffff;\">_<\/span><\/p>\n<\/td>\n<\/tr>\n<\/tbody>\n<\/table>\n<p style=\"text-align: right;\"><span style=\"color: #ffffff;\">&#8211;<\/span><\/p>\n<hr \/>\n<p style=\"text-align: right;\"><span style=\"color: #ffffff;\">&#8211;<\/span><\/p>\n<table style=\"border-collapse: collapse; width: 100%;\">\n<tbody>\n<tr>\n<td style=\"width: 100%;\"><img decoding=\"async\" class=\"alignleft\" src=\"https:\/\/lieferanten-liste.de\/fileserver-lieferanten-liste-de\/profil-baukasten-3-maximal-600px.jpg\" \/><\/p>\n<p>&nbsp;<\/p>\n<p><strong>Profilbaukasten 3: MAXIMAL<\/strong><\/p>\n<p>&nbsp;<\/p>\n<ul>\n<li>Sehr gut gestaltetes Experten-Profil mit umfangreichen Angaben zum Unternehmen (z. B. Ingenieurb\u00fcro) sowie zum Leistungsangebot<\/li>\n<li>Maximal <strong>99<\/strong> Seiten f\u00fcr die Pr\u00e4sentation von Produkten bzw. Dienstleistungen<\/li>\n<li><strong>Eingebaute VIDEOKONFERENZ-FUNKTION*<\/strong> f\u00fcr die direkte Interaktion mit Gesch\u00e4ftspartnern<\/li>\n<li><strong>Ein sofort einsatzbereiter Online-Konferenzraum<\/strong>, welcher in Kooperation mit Technik-Netzwerk.de mit hervorragender Leistungsf\u00e4higkeit, datenschutzfreundlichen Sicherheitsstandards und besonderer Nutzerfreundlichkeit bereitgestellt wird. Keine Registrierung erforderlich; Serverstandort: Deutschland!<\/li>\n<li>Dieser Profilbaukasten bietet <strong>MAXIMALE M\u00d6GLICHKEITEN<\/strong> f\u00fcr DYNAMISCHE Unternehmensinformationen, d.h. mit Terminhinweisen (Veranstaltungen oder Online-Seminare), Unternehmensnachrichten oder aktuelle Stellenausschreibungen sowie f\u00fcr die <strong>INTERAKTION<\/strong> per Videokonferenz.<\/li>\n<\/ul>\n<p>&nbsp;<\/p>\n<p>[ MIT EMPFEHLUNGSCODE ist dieser Profilbaukasten DAUERHAFT KOSTENLOS ] <img decoding=\"async\" loading=\"lazy\" class=\"\" src=\"https:\/\/lieferanten-liste.de\/fileserver-lieferanten-liste-de\/free-250px.jpg\" width=\"200\" height=\"186\" \/><\/p>\n<p style=\"text-align: right;\"><span style=\"color: #ffffff;\">_<\/span><\/p>\n<\/td>\n<\/tr>\n<\/tbody>\n<\/table>\n<p style=\"text-align: right;\"><span style=\"color: #ffffff;\">&#8211;<\/span><\/p>\n<hr \/>\n<p style=\"text-align: right;\"><span style=\"color: #ffffff;\">&#8211;<\/span><\/p>\n<table style=\"border-collapse: collapse; width: 100%;\">\n<tbody>\n<tr>\n<td style=\"width: 100%;\"><img decoding=\"async\" class=\"alignleft\" src=\"https:\/\/lieferanten-liste.de\/fileserver-lieferanten-liste-de\/profil-baukasten-4-premium-600px.jpg\" \/><\/p>\n<p>&nbsp;<\/p>\n<p><strong>Profilbaukasten 4: PREMIUM<\/strong><\/p>\n<p>&nbsp;<\/p>\n<ul>\n<li>Extrem gut gestaltetes Experten-Profil mit umfangreichen Angaben zum Unternehmen sowie zum Leistungsangebot plus interaktive Module f\u00fcr mehr \u00dcbersichtlichkeit &amp; Kundennutzen<\/li>\n<li>Bis zu <strong>999<\/strong> Seiten f\u00fcr die Pr\u00e4sentation von Produkten bzw. Dienstleistungen \u2013 gegliedert nach Produktkategorien<\/li>\n<li><strong>Bis zu F\u00dcNF zus\u00e4tzliche PREMIUM-KONFERENZR\u00c4UME im leistungsf\u00e4higen virtuellen Konferenz-Center (<a href=\"https:\/\/Virtual-Conference-Center.com\" target=\"_blank\" rel=\"noopener\">Virtual-Conference-Center.com<\/a>) k\u00f6nnen freigeschaltet werden, welche sich f\u00fcr interaktive Online-Seminare bzw. Online-Fachtagungen besonders gut eignen.<\/strong><\/li>\n<li>Dieser Profilbaukasten bietet <strong>PREMIUM-M\u00d6GLICHKEITEN<\/strong> f\u00fcr <strong>DYNAMISCHE<\/strong> Unternehmensinformationen, d.h. mit Terminhinweisen (Veranstaltungen oder Online-Seminare), Unternehmensnachrichten oder aktuelle Stellenausschreibungen sowie f\u00fcr die <strong>INTERAKTION<\/strong> per Videokonferenz &#8211; erg\u00e4nzt durch zus\u00e4tzliche Videokonferenz-Systeme in Premium-Qualit\u00e4t.<\/li>\n<\/ul>\n<p>&nbsp;<\/p>\n<p><img decoding=\"async\" loading=\"lazy\" class=\"\" src=\"https:\/\/lieferanten-liste.de\/fileserver-lieferanten-liste-de\/premium-600px.jpg\" width=\"300\" height=\"78\" \/><\/p>\n<p style=\"text-align: right;\"><span style=\"color: #ffffff;\">_<\/span><\/p>\n<\/td>\n<\/tr>\n<\/tbody>\n<\/table>\n<p style=\"text-align: right;\"><span style=\"color: #ffffff;\">&#8211;<\/span><\/p>\n<hr \/>\n<p style=\"text-align: right;\"><span style=\"color: #ffffff;\">&#8211;<\/span><\/p>\n<table style=\"border-collapse: collapse; width: 100%;\">\n<tbody>\n<tr>\n<td style=\"width: 100%;\"><img decoding=\"async\" class=\"alignleft\" src=\"https:\/\/lieferanten-liste.de\/fileserver-lieferanten-liste-de\/profil-baukasten-5-extra-600px.jpg\" \/><\/p>\n<p>&nbsp;<\/p>\n<p><strong>Profilbaukasten 4: PREMIUM +EXTRA<br \/>\n<\/strong><\/p>\n<p>&nbsp;<\/p>\n<ul>\n<li>Extrem gut gestaltetes Experten-Profil mit umfangreichen Angaben zum Unternehmen sowie zum Leistungsangebot plus interaktive Module f\u00fcr mehr \u00dcbersichtlichkeit &amp; Kundennutzen<\/li>\n<li>Bis zu <strong>9\u2019999<\/strong> Seiten f\u00fcr die Pr\u00e4sentation von Produkten bzw. Dienstleistungen \u2013 gegliedert nach Produktkategorien<\/li>\n<li><strong>Zus\u00e4tzliche MODULE f\u00fcr die Interaktion mit Kunden bzw. Gesch\u00e4ftspartnern k\u00f6nnen gem\u00e4\u00df einer individuell w\u00e4hlbaren Auswahl eingebaut werden. Die Liste der m\u00f6glichen Extra-Module ist sehr umfangreich und umfasst z.B. TICKET-SYSTEME f\u00fcr den Kundendienst, WEBSHOP- und BEZAHL-SYSTEME oder PROJEKTMANAGEMENT-SYSTEME in der jeweils gew\u00fcnschten Komplexit\u00e4t.<\/strong><\/li>\n<li>Dieser Profilbaukasten bietet <strong>EXTRA-PREMIUM-M\u00d6GLICHKEITEN<\/strong> f\u00fcr <strong>DYNAMISCHE<\/strong> Unternehmensinformationen, d.h. mit Terminhinweisen (Veranstaltungen oder Online-Seminare), Unternehmensnachrichten oder aktuelle Stellenausschreibungen sowie f\u00fcr die <strong>INTERAKTION<\/strong> per Videokonferenz \u2013 erg\u00e4nzt durch zus\u00e4tzliche Videokonferenz-Systeme in Premium-Qualit\u00e4t.<\/li>\n<\/ul>\n<p>&nbsp;<\/p>\n<ul>\n<li><strong>F\u00fcr die EXTRA-MODULE fragen Sie bitte ein individuelles Angebot an. Wir beraten Sie gerne! <\/strong><\/li>\n<\/ul>\n<p>&nbsp;<\/p>\n<p><img decoding=\"async\" src=\"https:\/\/lieferanten-liste.de\/fileserver-lieferanten-liste-de\/premium-600px.jpg\" \/><\/p>\n<p style=\"text-align: right;\"><span style=\"color: #ffffff;\">_<\/span><\/p>\n<\/td>\n<\/tr>\n<\/tbody>\n<\/table>\n<p style=\"text-align: right;\"><span style=\"color: #ffffff;\">&#8211;<\/span><\/p>\n<\/div> \r\n\t\t\t\t\t<div class=\"clear\"><\/div>\r\n\t\t\t\t<\/div>\r\n\t\t\t<\/div>\r\n\t\t<\/div> <\/div>\n<\/div><\/blockquote>\n<blockquote><div data-post-id=\"400\" class=\"insert-page insert-page-400 \"><p><strong>Aktuell finden WARTUNGSARBEITEN am Informationsportal statt.<\/strong><\/p>\n<p>Freuen Sie sich auf VERBESSERTE FUNKTIONEN:<\/p>\n<ul>\n<li>Suchfunktion<\/li>\n<li>Editierfunktion<\/li>\n<\/ul>\n<\/div><\/blockquote>\n<p style=\"text-align: right;\">&#8211;<\/p>\n\r\n\t\t\t\t\t<div class=\"clear\"><\/div>\r\n\t\t\t\t<\/div>\r\n\t\t\t<\/div>\r\n\t\t<\/div> <\/div>\n<p style=\"text-align: right;\">#<\/p>\n","protected":false},"excerpt":{"rendered":"<p>Experten-Liste.de . Einen Experten EMPFEHLEN &nbsp; &nbsp; &nbsp; Die Qualit\u00e4t der Experten-Empfehlungen ist abh\u00e4ngig von den Referenzen. Um eine Empfehlung f\u00fcr einen Experten im LOGIN-BEREICH abgeben zu k\u00f6nnen, ben\u00f6tigen Sie ein pers\u00f6nliches Passwort. Ihr pers\u00f6nliches Passwort erhalten Sie nach einer einmaligen Registrierung. Die Registrierung erfolgt KOSTENLOS. &nbsp; . &nbsp; &nbsp; &nbsp; . &nbsp; . &nbsp; [&hellip;]<\/p>\n","protected":false},"author":1,"featured_media":0,"parent":0,"menu_order":0,"comment_status":"closed","ping_status":"closed","template":"","meta":[],"_links":{"self":[{"href":"https:\/\/experten-liste.de\/start\/wp-json\/wp\/v2\/pages\/43"}],"collection":[{"href":"https:\/\/experten-liste.de\/start\/wp-json\/wp\/v2\/pages"}],"about":[{"href":"https:\/\/experten-liste.de\/start\/wp-json\/wp\/v2\/types\/page"}],"author":[{"embeddable":true,"href":"https:\/\/experten-liste.de\/start\/wp-json\/wp\/v2\/users\/1"}],"replies":[{"embeddable":true,"href":"https:\/\/experten-liste.de\/start\/wp-json\/wp\/v2\/comments?post=43"}],"version-history":[{"count":0,"href":"https:\/\/experten-liste.de\/start\/wp-json\/wp\/v2\/pages\/43\/revisions"}],"wp:attachment":[{"href":"https:\/\/experten-liste.de\/start\/wp-json\/wp\/v2\/media?parent=43"}],"curies":[{"name":"wp","href":"https:\/\/api.w.org\/{rel}","templated":true}]}}