{"id":185,"date":"2021-08-05T12:25:28","date_gmt":"2021-08-05T10:25:28","guid":{"rendered":"https:\/\/experten-liste.de\/start\/?page_id=185"},"modified":"2021-08-23T23:25:09","modified_gmt":"2021-08-23T21:25:09","slug":"bau","status":"publish","type":"page","link":"https:\/\/experten-liste.de\/start\/bau\/","title":{"rendered":"BAUTECHNIK"},"content":{"rendered":"<p>&nbsp;<\/p>\n<p><a href=\"https:\/\/experten-liste.de\/start\/bau\"><img decoding=\"async\" loading=\"lazy\" class=\"aligncenter\" src=\"https:\/\/technik-netzwerk.de\/fileserver-zentrale\/www-experten-liste-de\/fileserver-experten-liste-de\/experten-liste-de-bautechnik-600px.jpg\" alt=\"\" width=\"600\" height=\"225\"><\/a><\/p>\n<p>&nbsp;<\/p>\n<p>&nbsp;<\/p>\n<p>&nbsp;<\/p>\n<blockquote>\n<p style=\"text-align: center;\">Redaktioneller Hinweis f\u00fcr die n\u00e4chste Ausgabe der EXPERTEN-LISTE&nbsp; <strong>BAUTECHNIK<\/strong>:<\/p>\n<p style=\"text-align: center;\">Redaktionsschluss f\u00fcr die Ausgabe 2021\/2022 ist am <strong>26. November 2021<\/strong>.<\/p>\n<p style=\"text-align: center;\"><strong><a class=\"fasc-button fasc-size-medium fasc-type-popout fasc-style-bold\" style=\"background-color: #ff0000; color: #ffffff;\" href=\"https:\/\/experten-liste.de\/start\/eintragen\">JETZT ein NEUES Expertenprofil REGISTRIEREN bzw. ein vorhandenes Profil EDITIEREN<\/a><\/strong><\/p>\n<p>&nbsp;<\/p>\n<p style=\"text-align: center;\"><div class=\" accordion-n87ic6 style1 magee-shortcode panel-group magee-accordion accordion-spacing\" role=\"tablist\" aria-multiselectable=\"no\" id=\"accordion-n87ic6\"> <div class=\"panel panel-default \" id=\"panelaccordion-n87ic6-1\"><div class=\"panel-heading\" role=\"tab\" id=\"headingcollapseaccordion-n87ic6-1\">\r\n\t\t\t\t<a class=\"accordion-toggle collapsed\" data-toggle=\"collapse\" data-parent=\"#accordion-n87ic6\" href=\"#collapseaccordion-n87ic6-1\" aria-expanded=\"false\" aria-controls=\"collapseaccordion-n87ic6-1\">\r\n\t\t\t\t\t<h4 class=\"panel-title\">\r\n\t\t\t\t\t\t\tMit den vorkonfigurierten PROFIL-BAUK\u00c4STEN ist es ganz einfach, ein eigenes Expertenprofil anzulegen!\r\n\t\t\t\t\t<\/h4>\r\n\t\t\t\t<\/a>\r\n\t\t\t<\/div>\r\n\t\t\t<div id=\"collapseaccordion-n87ic6-1\" class=\"panel-collapse collapse \" role=\"tabpanel\" aria-labelledby=\"headingcollapseaccordion-n87ic6-1\" aria-expanded=\"false\">\r\n\t\t\t\t<div class=\"panel-body\">\r\n\t\t\t\t\t <div data-post-id=\"363\" class=\"insert-page insert-page-363 \"><p style=\"text-align: right;\"><span style=\"color: #ffffff;\">_<\/span><\/p>\n<table style=\"border-collapse: collapse; width: 100%;\">\n<tbody>\n<tr>\n<td style=\"width: 100%;\"><img decoding=\"async\" class=\"alignleft\" src=\"https:\/\/lieferanten-liste.de\/fileserver-lieferanten-liste-de\/profil-baukasten-1-minimal-600px.jpg\" \/><\/p>\n<p>&nbsp;<\/p>\n<p><strong>Profilbaukasten 1: Minimal<br \/>\n<\/strong><\/p>\n<p>&nbsp;<\/p>\n<ul>\n<li>Einfache Informationsseite mit den elementaren Kontaktkoordinaten (EINE Seite \u2013 keine Unterseiten)<\/li>\n<li>Einfache und pflegeleichte Visitenkarte &#8211; ohne n\u00e4here Angaben zu Leistungsangeboten bzw. ohne Pr\u00e4sentation von Produkten bzw. Dienstleistungen<\/li>\n<li>Dieser Profil-Baukasten ist eine <strong>MINIMAL <\/strong>gehaltene LANDING-PAGE mit der M\u00f6glichkeit zur Verlinkung auf eine bereits bestehende Homepage.<\/li>\n<\/ul>\n<p>&nbsp;<\/p>\n<p>[ MIT EMPFEHLUNGSCODE ist dieser Profilbaukasten DAUERHAFT KOSTENLOS ] <img decoding=\"async\" src=\"https:\/\/lieferanten-liste.de\/fileserver-lieferanten-liste-de\/free-250px.jpg\" \/><\/p>\n<p style=\"text-align: right;\"><span style=\"color: #ffffff;\">_<\/span><\/p>\n<p>&nbsp;<\/td>\n<\/tr>\n<\/tbody>\n<\/table>\n<p style=\"text-align: right;\"><span style=\"color: #ffffff;\">&#8211;<\/span><\/p>\n<hr \/>\n<p style=\"text-align: right;\"><span style=\"color: #ffffff;\">&#8211;<\/span><\/p>\n<table style=\"border-collapse: collapse; width: 100%;\">\n<tbody>\n<tr>\n<td style=\"width: 100%;\"><img decoding=\"async\" class=\"alignleft\" src=\"https:\/\/lieferanten-liste.de\/fileserver-lieferanten-liste-de\/profil-baukasten-2-optimal-600px.jpg\" \/><\/p>\n<p>&nbsp;<\/p>\n<p><strong>Profilbaukasten 2: OPTIMAL<\/strong><\/p>\n<p>&nbsp;<\/p>\n<ul>\n<li>Gut gestaltetes Experten-Profil mit den wichtigsten Angaben zur aktuellen T\u00e4tigkeit (z.B. Ingenieurb\u00fcro etc.)<\/li>\n<li>Bis zu <strong>9<\/strong> Seiten f\u00fcr die Pr\u00e4sentation von Produkten bzw. Dienstleistungen<\/li>\n<li><strong>Unternehmenseigene Texte, Bilder sowie Medien (z. B. PDF-Prospekte zum Download) k\u00f6nnen frei gestaltet bzw. eingebettet werden.<\/strong><\/li>\n<li>Dieser Profilbaukasten ist <strong>OPTIMAL<\/strong> geeignet f\u00fcr STATISCHE Unternehmensinformationen (ohne Terminhinweise (Veranstaltungen), Unternehmensnachrichten oder aktuelle Stellenausschreibungen)<\/li>\n<\/ul>\n<p>[ MIT EMPFEHLUNGSCODE ist dieser Profilbaukasten DAUERHAFT KOSTENLOS ] <img decoding=\"async\" loading=\"lazy\" class=\"\" src=\"https:\/\/lieferanten-liste.de\/fileserver-lieferanten-liste-de\/free-250px.jpg\" width=\"199\" height=\"184\" \/><\/p>\n<p>&nbsp;<\/p>\n<p style=\"text-align: right;\"><span style=\"color: #ffffff;\">_<\/span><\/p>\n<\/td>\n<\/tr>\n<\/tbody>\n<\/table>\n<p style=\"text-align: right;\"><span style=\"color: #ffffff;\">&#8211;<\/span><\/p>\n<hr \/>\n<p style=\"text-align: right;\"><span style=\"color: #ffffff;\">&#8211;<\/span><\/p>\n<table style=\"border-collapse: collapse; width: 100%;\">\n<tbody>\n<tr>\n<td style=\"width: 100%;\"><img decoding=\"async\" class=\"alignleft\" src=\"https:\/\/lieferanten-liste.de\/fileserver-lieferanten-liste-de\/profil-baukasten-3-maximal-600px.jpg\" \/><\/p>\n<p>&nbsp;<\/p>\n<p><strong>Profilbaukasten 3: MAXIMAL<\/strong><\/p>\n<p>&nbsp;<\/p>\n<ul>\n<li>Sehr gut gestaltetes Experten-Profil mit umfangreichen Angaben zum Unternehmen (z. B. Ingenieurb\u00fcro) sowie zum Leistungsangebot<\/li>\n<li>Maximal <strong>99<\/strong> Seiten f\u00fcr die Pr\u00e4sentation von Produkten bzw. Dienstleistungen<\/li>\n<li><strong>Eingebaute VIDEOKONFERENZ-FUNKTION*<\/strong> f\u00fcr die direkte Interaktion mit Gesch\u00e4ftspartnern<\/li>\n<li><strong>Ein sofort einsatzbereiter Online-Konferenzraum<\/strong>, welcher in Kooperation mit Technik-Netzwerk.de mit hervorragender Leistungsf\u00e4higkeit, datenschutzfreundlichen Sicherheitsstandards und besonderer Nutzerfreundlichkeit bereitgestellt wird. Keine Registrierung erforderlich; Serverstandort: Deutschland!<\/li>\n<li>Dieser Profilbaukasten bietet <strong>MAXIMALE M\u00d6GLICHKEITEN<\/strong> f\u00fcr DYNAMISCHE Unternehmensinformationen, d.h. mit Terminhinweisen (Veranstaltungen oder Online-Seminare), Unternehmensnachrichten oder aktuelle Stellenausschreibungen sowie f\u00fcr die <strong>INTERAKTION<\/strong> per Videokonferenz.<\/li>\n<\/ul>\n<p>&nbsp;<\/p>\n<p>[ MIT EMPFEHLUNGSCODE ist dieser Profilbaukasten DAUERHAFT KOSTENLOS ] <img decoding=\"async\" loading=\"lazy\" class=\"\" src=\"https:\/\/lieferanten-liste.de\/fileserver-lieferanten-liste-de\/free-250px.jpg\" width=\"200\" height=\"186\" \/><\/p>\n<p style=\"text-align: right;\"><span style=\"color: #ffffff;\">_<\/span><\/p>\n<\/td>\n<\/tr>\n<\/tbody>\n<\/table>\n<p style=\"text-align: right;\"><span style=\"color: #ffffff;\">&#8211;<\/span><\/p>\n<hr \/>\n<p style=\"text-align: right;\"><span style=\"color: #ffffff;\">&#8211;<\/span><\/p>\n<table style=\"border-collapse: collapse; width: 100%;\">\n<tbody>\n<tr>\n<td style=\"width: 100%;\"><img decoding=\"async\" class=\"alignleft\" src=\"https:\/\/lieferanten-liste.de\/fileserver-lieferanten-liste-de\/profil-baukasten-4-premium-600px.jpg\" \/><\/p>\n<p>&nbsp;<\/p>\n<p><strong>Profilbaukasten 4: PREMIUM<\/strong><\/p>\n<p>&nbsp;<\/p>\n<ul>\n<li>Extrem gut gestaltetes Experten-Profil mit umfangreichen Angaben zum Unternehmen sowie zum Leistungsangebot plus interaktive Module f\u00fcr mehr \u00dcbersichtlichkeit &amp; Kundennutzen<\/li>\n<li>Bis zu <strong>999<\/strong> Seiten f\u00fcr die Pr\u00e4sentation von Produkten bzw. Dienstleistungen \u2013 gegliedert nach Produktkategorien<\/li>\n<li><strong>Bis zu F\u00dcNF zus\u00e4tzliche PREMIUM-KONFERENZR\u00c4UME im leistungsf\u00e4higen virtuellen Konferenz-Center (<a href=\"https:\/\/Virtual-Conference-Center.com\" target=\"_blank\" rel=\"noopener\">Virtual-Conference-Center.com<\/a>) k\u00f6nnen freigeschaltet werden, welche sich f\u00fcr interaktive Online-Seminare bzw. Online-Fachtagungen besonders gut eignen.<\/strong><\/li>\n<li>Dieser Profilbaukasten bietet <strong>PREMIUM-M\u00d6GLICHKEITEN<\/strong> f\u00fcr <strong>DYNAMISCHE<\/strong> Unternehmensinformationen, d.h. mit Terminhinweisen (Veranstaltungen oder Online-Seminare), Unternehmensnachrichten oder aktuelle Stellenausschreibungen sowie f\u00fcr die <strong>INTERAKTION<\/strong> per Videokonferenz &#8211; erg\u00e4nzt durch zus\u00e4tzliche Videokonferenz-Systeme in Premium-Qualit\u00e4t.<\/li>\n<\/ul>\n<p>&nbsp;<\/p>\n<p><img decoding=\"async\" loading=\"lazy\" class=\"\" src=\"https:\/\/lieferanten-liste.de\/fileserver-lieferanten-liste-de\/premium-600px.jpg\" width=\"300\" height=\"78\" \/><\/p>\n<p style=\"text-align: right;\"><span style=\"color: #ffffff;\">_<\/span><\/p>\n<\/td>\n<\/tr>\n<\/tbody>\n<\/table>\n<p style=\"text-align: right;\"><span style=\"color: #ffffff;\">&#8211;<\/span><\/p>\n<hr \/>\n<p style=\"text-align: right;\"><span style=\"color: #ffffff;\">&#8211;<\/span><\/p>\n<table style=\"border-collapse: collapse; width: 100%;\">\n<tbody>\n<tr>\n<td style=\"width: 100%;\"><img decoding=\"async\" class=\"alignleft\" src=\"https:\/\/lieferanten-liste.de\/fileserver-lieferanten-liste-de\/profil-baukasten-5-extra-600px.jpg\" \/><\/p>\n<p>&nbsp;<\/p>\n<p><strong>Profilbaukasten 4: PREMIUM +EXTRA<br \/>\n<\/strong><\/p>\n<p>&nbsp;<\/p>\n<ul>\n<li>Extrem gut gestaltetes Experten-Profil mit umfangreichen Angaben zum Unternehmen sowie zum Leistungsangebot plus interaktive Module f\u00fcr mehr \u00dcbersichtlichkeit &amp; Kundennutzen<\/li>\n<li>Bis zu <strong>9\u2019999<\/strong> Seiten f\u00fcr die Pr\u00e4sentation von Produkten bzw. Dienstleistungen \u2013 gegliedert nach Produktkategorien<\/li>\n<li><strong>Zus\u00e4tzliche MODULE f\u00fcr die Interaktion mit Kunden bzw. Gesch\u00e4ftspartnern k\u00f6nnen gem\u00e4\u00df einer individuell w\u00e4hlbaren Auswahl eingebaut werden. Die Liste der m\u00f6glichen Extra-Module ist sehr umfangreich und umfasst z.B. TICKET-SYSTEME f\u00fcr den Kundendienst, WEBSHOP- und BEZAHL-SYSTEME oder PROJEKTMANAGEMENT-SYSTEME in der jeweils gew\u00fcnschten Komplexit\u00e4t.<\/strong><\/li>\n<li>Dieser Profilbaukasten bietet <strong>EXTRA-PREMIUM-M\u00d6GLICHKEITEN<\/strong> f\u00fcr <strong>DYNAMISCHE<\/strong> Unternehmensinformationen, d.h. mit Terminhinweisen (Veranstaltungen oder Online-Seminare), Unternehmensnachrichten oder aktuelle Stellenausschreibungen sowie f\u00fcr die <strong>INTERAKTION<\/strong> per Videokonferenz \u2013 erg\u00e4nzt durch zus\u00e4tzliche Videokonferenz-Systeme in Premium-Qualit\u00e4t.<\/li>\n<\/ul>\n<p>&nbsp;<\/p>\n<ul>\n<li><strong>F\u00fcr die EXTRA-MODULE fragen Sie bitte ein individuelles Angebot an. Wir beraten Sie gerne! <\/strong><\/li>\n<\/ul>\n<p>&nbsp;<\/p>\n<p><img decoding=\"async\" src=\"https:\/\/lieferanten-liste.de\/fileserver-lieferanten-liste-de\/premium-600px.jpg\" \/><\/p>\n<p style=\"text-align: right;\"><span style=\"color: #ffffff;\">_<\/span><\/p>\n<\/td>\n<\/tr>\n<\/tbody>\n<\/table>\n<p style=\"text-align: right;\"><span style=\"color: #ffffff;\">&#8211;<\/span><\/p>\n<\/div> \r\n\t\t\t\t\t<div class=\"clear\"><\/div>\r\n\t\t\t\t<\/div>\r\n\t\t\t<\/div>\r\n\t\t<\/div> <\/div><\/p>\n<\/blockquote>\n<p>&nbsp;<\/p>\n<p>&nbsp;<\/p>\n<p style=\"text-align: left;\"><div class=\" accordion-0wmls8 style1 magee-shortcode panel-group magee-accordion accordion-simple\" role=\"tablist\" aria-multiselectable=\"no\" id=\"accordion-0wmls8\"> <div class=\"panel panel-default \" id=\"panelaccordion-0wmls8-1\"><div class=\"panel-heading\" role=\"tab\" id=\"headingcollapseaccordion-0wmls8-1\">\r\n\t\t\t\t<a class=\"accordion-toggle \" data-toggle=\"collapse\" data-parent=\"#accordion-0wmls8\" href=\"#collapseaccordion-0wmls8-1\" aria-expanded=\"true\" aria-controls=\"collapseaccordion-0wmls8-1\">\r\n\t\t\t\t\t<h4 class=\"panel-title\">\r\n\t\t\t\t\t\t\tEXPERTEN-LISTE.de ONLINE\r\n\t\t\t\t\t<\/h4>\r\n\t\t\t\t<\/a>\r\n\t\t\t<\/div>\r\n\t\t\t<div id=\"collapseaccordion-0wmls8-1\" class=\"panel-collapse collapse in\" role=\"tabpanel\" aria-labelledby=\"headingcollapseaccordion-0wmls8-1\" aria-expanded=\"true\">\r\n\t\t\t\t<div class=\"panel-body\">\r\n\t\t\t\t\t\n<p>&nbsp;<\/p>\n<ul style=\"text-align: center;\">\n<li style=\"text-align: left;\"><a class=\"fasc-button fasc-size-large fasc-type-flat ico-fa fasc-ico-before fa-search fasc-style-bold\" style=\"background-color: #ff0000; color: #ffffff;\" href=\"https:\/\/experten-liste.de\/start\/suchen\">Experten&nbsp; SUCHEN<\/a><\/li>\n<\/ul>\n<p style=\"text-align: center;\">&nbsp;<\/p>\n<ul style=\"text-align: center;\">\n<li style=\"text-align: left;\"><a class=\"fasc-button fasc-size-large fasc-type-flat ico-fa fasc-ico-before fa-star fasc-style-bold\" style=\"background-color: #ff0000; color: #ffffff;\" href=\"https:\/\/experten-liste.de\/start\/empfehlen\">Experten&nbsp; EMPFEHLEN<\/a><\/li>\n<\/ul>\n<p style=\"text-align: center;\">&nbsp;<\/p>\n<ul style=\"text-align: center;\">\n<li style=\"text-align: left;\"><a class=\"fasc-button fasc-size-large fasc-type-flat ico-fa fasc-ico-before fa-gear fasc-style-bold\" style=\"background-color: #ff0000; color: #ffffff;\" href=\"https:\/\/experten-liste.de\/start\/eintragen\">Expertenprofil&nbsp; EINTRAGEN<\/a><\/li>\n<\/ul>\n<p>&nbsp;<\/p>\n<p style=\"text-align: left;\">\r\n\t\t\t\t\t<div class=\"clear\"><\/div>\r\n\t\t\t\t<\/div>\r\n\t\t\t<\/div>\r\n\t\t<\/div> <\/div><\/p>\n<p>&nbsp; &nbsp;<\/p>\n<p>&nbsp; &nbsp;<\/p>\n<p>&nbsp;<\/p>\n<p style=\"text-align: left;\"><div class=\" accordion-pqqg8e style1 magee-shortcode panel-group magee-accordion accordion-simple\" role=\"tablist\" aria-multiselectable=\"no\" id=\"accordion-pqqg8e\"> <div class=\"panel panel-default \" id=\"panelaccordion-pqqg8e-1\"><div class=\"panel-heading\" role=\"tab\" id=\"headingcollapseaccordion-pqqg8e-1\">\r\n\t\t\t\t<a class=\"accordion-toggle \" data-toggle=\"collapse\" data-parent=\"#accordion-pqqg8e\" href=\"#collapseaccordion-pqqg8e-1\" aria-expanded=\"true\" aria-controls=\"collapseaccordion-pqqg8e-1\">\r\n\t\t\t\t\t<h4 class=\"panel-title\">\r\n\t\t\t\t\t\t\tEXPERTEN-LISTE.de in Buchform (print version)\r\n\t\t\t\t\t<\/h4>\r\n\t\t\t\t<\/a>\r\n\t\t\t<\/div>\r\n\t\t\t<div id=\"collapseaccordion-pqqg8e-1\" class=\"panel-collapse collapse in\" role=\"tabpanel\" aria-labelledby=\"headingcollapseaccordion-pqqg8e-1\" aria-expanded=\"true\">\r\n\t\t\t\t<div class=\"panel-body\">\r\n\t\t\t\t\t\n<p style=\"text-align: left;\">&nbsp;<\/p>\n<p><a href=\"https:\/\/experten-liste.de\/bahn\"><br \/>\n<\/a><a href=\"https:\/\/experten-liste.de\/start\/bau\"><img decoding=\"async\" loading=\"lazy\" class=\"aligncenter\" src=\"https:\/\/technik-netzwerk.de\/fileserver-zentrale\/www-experten-liste-de\/fileserver-experten-liste-de\/box-grafik\/box-expertenliste-bau-600px.jpg\" alt=\"\" width=\"600\" height=\"990\"><\/a><\/p>\n<p>&nbsp;<\/p>\n<p>&nbsp;<\/p>\n\r\n\t\t\t\t\t<div class=\"clear\"><\/div>\r\n\t\t\t\t<\/div>\r\n\t\t\t<\/div>\r\n\t\t<\/div> <\/div><\/p>\n<p>&nbsp;<\/p>\n<p>&nbsp; &nbsp;<\/p>\n<blockquote><p><strong>Die Experten-Liste.de ist das innovative* Online-Verzeichnis von kompetenten Experten aus Deutschland, \u00d6sterreich und der Schweiz, die f\u00fcr ausgew\u00e4hlte Branchen empfohlen wurden.<\/strong><\/p>\n<p>* Die Experten-Liste w\u00e4chst durch qualifizierte Empfehlungen. Wenn ein Experte \/ eine Expertin in die Experten-Liste aufgenommen werden m\u00f6chte, ben\u00f6tigt er \/ sie eine Empfehlung von fachlich relevanten Institutionen (Fachverb\u00e4nde, G\u00fctegemeinschaften, Arbeitskreise) oder hierf\u00fcr geeigneten Personen (Mandatstr\u00e4ger, zertifizierte Branchen-Experten) bzw. valide Referenzen von namhaften TOP-Kunden aus der jeweiligen Branche.<\/p><\/blockquote>\n<p>&nbsp; &nbsp;&nbsp;<\/p>\n<p>&nbsp;<\/p>\n","protected":false},"excerpt":{"rendered":"<p>&nbsp; &nbsp; &nbsp; &nbsp; Redaktioneller Hinweis f\u00fcr die n\u00e4chste Ausgabe der EXPERTEN-LISTE&nbsp; BAUTECHNIK: Redaktionsschluss f\u00fcr die Ausgabe 2021\/2022 ist am 26. November 2021. JETZT ein NEUES Expertenprofil REGISTRIEREN bzw. ein vorhandenes Profil EDITIEREN &nbsp; &nbsp; &nbsp; &nbsp; &nbsp; &nbsp; &nbsp; &nbsp; &nbsp; &nbsp; &nbsp; Die Experten-Liste.de ist das innovative* Online-Verzeichnis von kompetenten Experten aus Deutschland, [&hellip;]<\/p>\n","protected":false},"author":1,"featured_media":0,"parent":0,"menu_order":0,"comment_status":"closed","ping_status":"closed","template":"","meta":[],"_links":{"self":[{"href":"https:\/\/experten-liste.de\/start\/wp-json\/wp\/v2\/pages\/185"}],"collection":[{"href":"https:\/\/experten-liste.de\/start\/wp-json\/wp\/v2\/pages"}],"about":[{"href":"https:\/\/experten-liste.de\/start\/wp-json\/wp\/v2\/types\/page"}],"author":[{"embeddable":true,"href":"https:\/\/experten-liste.de\/start\/wp-json\/wp\/v2\/users\/1"}],"replies":[{"embeddable":true,"href":"https:\/\/experten-liste.de\/start\/wp-json\/wp\/v2\/comments?post=185"}],"version-history":[{"count":0,"href":"https:\/\/experten-liste.de\/start\/wp-json\/wp\/v2\/pages\/185\/revisions"}],"wp:attachment":[{"href":"https:\/\/experten-liste.de\/start\/wp-json\/wp\/v2\/media?parent=185"}],"curies":[{"name":"wp","href":"https:\/\/api.w.org\/{rel}","templated":true}]}}